h(m) = -5 + 11*m - 21*m - m**2 + 0. Suppose 2*t = -0*t + 10. What is the remainder when h(-4) is divided by t?
4
Suppose 0 = -4*a - 4*i - 16, 3*a = a - 3*i - 12. Let b(c) = a*c - 6 + 3 + 15 + c. Calculate the remainder when 46 is divided by b(-4).
6
Let h = -230 - -254. Calculate the remainder when 309 is divided by h.
21
Suppose 4*y + y - 191 = -3*s, -144 = -2*s + 5*y. Let c = -29 + s. What is the remainder when c is divided by 13?
12
Suppose -295 = -2*q - 5*m, -120 = -9*q + 8*q + 3*m. What is the remainder when q is divided by 70?
65
Let f be (-18)/72 - (-50)/8. Let x = f + -1. What is the remainder when 23 is divided by x?
3
Suppose -5*n + 4*k + 195 = 0, 2*n = -k + 5*k + 78. Suppose 5*q + 90 = 3*o, -4*o + 107 = 2*q - n. What is the remainder when 101 is divided by o?
31
Let d = 164 + -105. Suppose 1 = -c, 4*b + 0*b = 5*c - 175. Calculate the remainder when d is divided by (40/(-15))/(-1 - 39/b).
19
Let a = 4 - 0. Suppose 5*s + 4*o - 247 = 0, 72 = a*s + 3*o - 126. What is the remainder when s is divided by 18?
15
Suppose -284 = -0*h - 4*h. Let a be (0 + -1)/(7/(-105)). Suppose o - 3 = a. Calculate the remainder when h is divided by o.
17
Let z(i) be the first derivative of -2*i**4 - i**3/3 - 3*i**2 - 9*i - 17. Calculate the remainder when z(-2) is divided by 17.
12
Let d(z) = -26*z + 164. Calculate the remainder when 63 is divided by d(5).
29
Suppose 435 = 3*a + 87. Let n = 28 - 23. Suppose -a = -n*k + k. Calculate the remainder when k is divided by 16.
13
Let l = 1395 + -1393. Calculate the remainder when 66 is divided by l.
0
Let d = -1011 - -1025. What is the remainder when 1244 is divided by d?
12
Suppose -o + 17 = 3*o + j, -o = j - 8. Suppose -2*m + 239 = -o*a, 4*a = 5*m - m - 468. Calculate the remainder when m is divided by 23.
20
Suppose 0 = 998*y - 994*y - 1368. What is the remainder when y is divided by 51?
36
Suppose -5*p - 6*k = -8*k - 94, 0 = 4*p + k - 70. What is the remainder when 33 is divided by p?
15
Let n = -293 - -311. What is the remainder when 142/(-3)*(-3)/2 is divided by n?
17
Let u(b) = -4 + 2*b + 1 - 10 - 2. What is the remainder when -2 + 0 - (-2 + -24) is divided by u(12)?
6
Suppose -3*o - 2 = -2*o. What is the remainder when 18 is divided by o/(-13) - (-345)/39?
0
Calculate the remainder when 37 is divided by 63 + -73 + 78/2.
8
Suppose -9*u + 4*p = -6*u - 80, -3*u = 2*p - 86. Calculate the remainder when u is divided by 17.
11
Suppose j - 59 = -19. Let c = -21 + j. Suppose -c = 2*g - 53. What is the remainder when 31 is divided by g?
14
Let s = -406 + 438. Calculate the remainder when 159 is divided by s.
31
Suppose 38 = 6*u - 82. Suppose u + 44 = 2*o. Calculate the remainder when 94 is divided by o.
30
Let g(n) = -14*n + 203. Calculate the remainder when 412 is divided by g(7).
97
Suppose 10*u - 15*u = y - 199, 4*y = 2*u + 686. Calculate the remainder when 353 is divided by y.
5
Suppose -1400 = 438*v - 443*v. What is the remainder when v is divided by 95?
90
Suppose 2*p - 31 = -32*t + 27*t, -2*p + 6 = 0. Calculate the remainder when 314 is divided by t.
4
Suppose 4*c - 43 - 17 = -3*n, -5*n = -3*c + 45. Calculate the remainder when 553 is divided by c.
13
Let x = 286 - 281. Let p(q) = 8*q + 2. Calculate the remainder when p(2) is divided by x.
3
Let t(q) = 2*q**2 - 12*q - 18. Let y be t(10). Suppose -5*s + y + 113 = 0. Calculate the remainder when s is divided by 6.
5
Suppose 35 = 2*t + 5*t. Let x(y) = 7*y - 14. Let p be x(t). Let r = 24 - p. What is the remainder when 19 is divided by r?
1
Let j(w) = w**3 + w**2 + 7*w + 5. Let b be j(-2). Let u = b - -23. Calculate the remainder when (-60)/(-2) + 0 + -1 is divided by u.
9
Suppose -4*l + 102 - 26 = 0. Suppose 3*a + k - 61 = -3*k, a + k - l = 0. Calculate the remainder when 57 is divided by a.
12
Let q(r) = -r**2 - 20*r - 38. What is the remainder when 546 is divided by q(-9)?
58
Suppose -5*b = 5*a - 20, -2*b + 5*a = b - 4. Let r = b + 10. Let w(x) = -5*x + 7. Calculate the remainder when w(-6) is divided by r.
11
Let b = 23 - -43. Calculate the remainder when b is divided by 24.
18
Suppose -2*l = 2*y - 216, y - 2*l = -5*l + 110. Calculate the remainder when y is divided by 38.
31
Let g be (44/3)/(2/(-9)). What is the remainder when (-3)/((-2)/g*-3) is divided by 13?
7
What is the remainder when 432 is divided by (1/(-2))/((-7)/(13 - -379))?
12
Suppose -5*k - 5*w + 3460 = 0, 1163 = -5*k + 3*w + 4615. Calculate the remainder when k is divided by 77.
75
Let i = 103 - -482. Suppose 6*t + 9*t = i. What is the remainder when 72 is divided by t?
33
Suppose -84 = -3*f - 0. Suppose -c - 16 = -2*t, 3*t - 3*c - f = -t. What is the remainder when 13 is divided by t?
3
Let i(r) = 3*r**2 + 10*r - 97. What is the remainder when i(-9) is divided by 8?
0
Let c(i) = -3*i - 40. Let l be c(-13). What is the remainder when 11 is divided by 0 + 1 + (-6 + 6 - l)?
1
Suppose 11*c - 14*c = -12. Let l(y) = 3*y**3 + 4 - 4*y - y - 3*y**2 + y**2 - 2*y**3. What is the remainder when 29 is divided by l(c)?
13
Let s(d) = d**3 - 2*d**2 + 2*d + 2. Let n be (282/(-15))/(1/5). Let a = -63 - n. What is the remainder when a is divided by s(3)?
14
Suppose 0 = 5*z - 0*z + 355. Let r = -39 - z. Calculate the remainder when 126 is divided by r.
30
Let i(f) be the second derivative of f**3/3 + 6*f**2 + 7*f. What is the remainder when 85 is divided by i(5)?
19
Let u(t) = 6*t**2 - 3*t - 2. Let b be (-108)/21*(-140)/15. Suppose 0 = q - b - 35. Calculate the remainder when q is divided by u(-2).
27
Let k(b) = -b**3 + 7*b**2 - 7*b - 3. Let u be k(6). Calculate the remainder when 2/3 - 134/(-6) is divided by 52/(-6)*u/6.
10
What is the remainder when 181 is divided by (7 - 6)/2*96?
37
Suppose 0 = 30*p - 23*p - 280. Calculate the remainder when 119 is divided by p.
39
Let d be (-4 - -5) + (0 - 0). Let k be d/(-2)*0/(-11). Suppose -4*u + 3*u + 15 = k. Calculate the remainder when u is divided by 4.
3
Let r(l) = -l - 1. Let g(p) = -6*p - 13. Let y(n) = g(n) + 4*r(n). Let q = -2 + -5. What is the remainder when y(q) is divided by 18?
17
Suppose 46 = -2*r + 176. Suppose 6*k + r = 7*k. What is the remainder when k is divided by 14?
9
What is the remainder when 245 is divided by (10309/169)/(-1 - -2*1)?
1
Let a(x) = -x**3 + 5*x**2 - 4*x - 4. Let r be a(4). Calculate the remainder when 4*-25*(1 - 2) is divided by -1 + (-5)/(10/r) + 16.
15
What is the remainder when (-1 + 312)/((-17)/102*-6) is divided by 19?
7
Suppose -30 = 2*n + 2*s - 128, 202 = 4*n + 2*s. Let t = n - 31. Suppose -4*u + 369 = 125. Calculate the remainder when u is divided by t.
19
Let p(k) = 126*k - 44. Calculate the remainder when p(2) is divided by 30.
28
Suppose -8 = -56*k + 52*k. Suppose -k*r = -4 - 28. What is the remainder when 60 is divided by r?
12
Suppose -126 = 94*m - 100*m. Suppose 5*r + 200 = 825. Calculate the remainder when r is divided by m.
20
Let h be ((-16)/(-40))/((-1)/(-5)). Let o be h*(644/(-8) - -1). What is the remainder when (7/21)/((-1)/o) is divided by 14?
11
Let l(n) = -n**3 - 7*n**2 - 6*n + 6. Let g be l(-6). Calculate the remainder when -8 + g - 14/(-2) is divided by 4.
1
Let g(u) = -u**3 - 6*u**2 + 6*u + 12. Let p be 0 + (1 - 1) + -7. Calculate the remainder when g(p) is divided by 7.
5
What is the remainder when 14 is divided by -1*((-10)/(-15) + 16/(-6))?
0
Let r = -208 - -223. Calculate the remainder when r is divided by 3.
0
Suppose 2287 = -15*g + 16552. What is the remainder when g is divided by 14?
13
Let f(j) = -j**3 + 10*j**2 - 7*j - 14. Let n be f(8). Suppose -n + 220 = 6*x. What is the remainder when x is divided by 15?
12
Suppose -t + 34 = b, -4*b + 85 = 2*t - 59. What is the remainder when 185 is divided by b?
33
Suppose 5*j - 202 = 3*v, -4*j - 73 = -3*v - 234. What is the remainder when 80 is divided by j?
39
Let i be (-1 - 0)*(2 - 6). Suppose 0*l = 3*b - 3*l - 21, -3*l - 9 = 3*b. What is the remainder when 28 is divided by i/2 - b - -16?
12
Suppose 7*i - 15 = 2*i. Suppose 0 = l + 2, 7*h + 5*l = 3*h + 26. What is the remainder when i*(-30)/(-5) - 3 is divided by h?
6
Let i(b) = -3*b + 21. Let p be i(6). Let s = p - -6. What is the remainder when 44 is divided by s?
8
Calculate the remainder when 69 is divided by (-18)/(-5)*90/27.
9
Let f = 89 + -11. Let v = f + -51. What is the remainder when 51 is divide